{"id":74,"date":"2026-01-24T23:01:59","date_gmt":"2026-01-25T05:01:59","guid":{"rendered":"https:\/\/garmentech.mx\/?page_id=74"},"modified":"2026-01-27T16:33:56","modified_gmt":"2026-01-27T22:33:56","slug":"principal","status":"publish","type":"page","link":"https:\/\/garmentech.mx\/","title":{"rendered":""},"content":{"rendered":"\n<div class=\"slider\">\n  <div class=\"slides\">\n    <div class=\"slide active\" style=\"background-image:url('https:\/\/garmentech.mx\/wp-content\/uploads\/2026\/01\/access.jpg')\">\n      <div class=\"overlay-text\">Soluciones Profesionales en Seguridad<\/div>\n    <\/div>\n    <div class=\"slide\" style=\"background-image:url('https:\/\/garmentech.mx\/wp-content\/uploads\/2026\/01\/slider2-02.png')\">\n      <div class=\"overlay-text\">Instalaci\u00f3n de C\u00e1maras CCTV<\/div>\n    <\/div>\n    <div class=\"slide\" style=\"background-image:url('https:\/\/garmentech.mx\/wp-content\/uploads\/2026\/01\/cctv.jpg')\">\n      <div class=\"overlay-text\">Monitoreo 24\/7<\/div>\n    <\/div>\n    <div class=\"slide\" style=\"background-image:url('https:\/\/garmentech.mx\/wp-content\/uploads\/2026\/01\/cityai.jpg')\">\n      <div class=\"overlay-text\">Tecnolog\u00eda de \u00daltima Generaci\u00f3n<\/div>\n    <\/div>\n    <div class=\"slide\" style=\"background-image:url('https:\/\/garmentech.mx\/wp-content\/uploads\/2026\/01\/monitoring.jpg')\">\n      <div class=\"overlay-text\">Cont\u00e1ctanos Hoy Mismo<\/div>\n    <\/div>\n  <\/div>\n<\/div>\n\n<style>\n  .slider {\n    width: 100%;\n    height: 400px;\n    overflow: hidden;\n    position: relative;\n  }\n\n  .slides {\n    width: 100%;\n    height: 100%;\n    position: relative;\n  }\n\n  .slide {\n    width: 100%;\n    height: 100%;\n    background-size: cover;\n    background-position: center;\n    position: absolute;\n    opacity: 0;\n    transition: opacity 1s ease-in-out;\n  }\n\n  .slide.active {\n    opacity: 1;\n  }\n\n  .overlay-text {\n    position: absolute;\n    bottom: 20%;\n    left: 50%;\n    transform: translateX(-50%);\n    color: #fff;\n    font-size: 32px;\n    font-weight: bold;\n    background: rgba(0,0,0,0.6);\n    padding: 15px 30px;\n    border-radius: 8px;\n    text-align: center;\n  }\n\n  @media (max-width: 768px) {\n    .overlay-text {\n      font-size: 20px;\n      padding: 10px 20px;\n    }\n  }\n<\/style>\n\n<script>\n  let slides = document.querySelectorAll('.slide');\n  let current = 0;\n\n  setInterval(() => {\n    slides[current].classList.remove('active');\n    current = (current + 1) % slides.length;\n    slides[current].classList.add('active');\n  }, 4000);\n<\/script>\n\n<figure class=\"wp-block-table\">\n  <table class=\"has-background has-fixed-layout\" style=\"background-color:#89df34d0; width:100%;\">\n    <tbody>\n      <tr>\n        <td class=\"has-text-align-center\" data-align=\"center\" style=\"font-size: large;color: #fff;\" >\n          <strong>\n            Nuestro Personal Especializado y con A\u00f1os de Experiencia lo Podr\u00e1 Apoyar en Obtener la Mejor Soluci\u00f3n\n            <a \n            href=\"https:\/\/garmentech.mx\/index.php\/contacto\/\" \n            class=\"btn-contactanos\">\n            CONTACTANOS\n          <\/a>\n          <\/strong>\n        <\/td>\n      <\/tr>\n      <tr>\n        \n      <\/tr>\n      <tr>\n        \n      <\/tr>\n    <\/tbody>\n  <\/table>\n<\/figure>\n\n<style>\n  .btn-contactanos {\n    display: inline-block;\n    margin-top: 15px;\n    padding: 12px 25px;\n    background-color: #555555;\n    color: #fff;\n    text-decoration: none;\n    font-weight: bold;\n    border-radius: 6px;\n    transition: all 0.3s ease;\n  }\n\n  .btn-contactanos:hover {\n    transform: scale(1.1);\n    background-color: #222;\n    box-shadow: 0 8px 20px rgba(0,0,0,0.3);\n  }\n<\/style>\n\n\n\n<p class=\"wp-block-paragraph\"><\/p>\n","protected":false},"excerpt":{"rendered":"<p>Soluciones Profesionales en Seguridad Instalaci\u00f3n de C\u00e1maras CCTV Monitoreo 24\/7 Tecnolog\u00eda de \u00daltima Generaci\u00f3n Cont\u00e1ctanos Hoy Mismo Nuestro Personal Especializado y con A\u00f1os de Experiencia lo Podr\u00e1 Apoyar en Obtener la Mejor Soluci\u00f3n CONTACTANOS<\/p>\n","protected":false},"author":1,"featured_media":0,"parent":0,"menu_order":0,"comment_status":"closed","ping_status":"closed","template":"page-templates\/pagebuilder.php","meta":{"_crdt_document":"","footnotes":""},"class_list":["post-74","page","type-page","status-publish","hentry"],"yoast_head":"<!-- This site is optimized with the Yoast SEO plugin v26.8 - https:\/\/yoast.com\/product\/yoast-seo-wordpress\/ -->\n<title>- GARMENTECH<\/title>\n<meta name=\"robots\" content=\"index, follow, max-snippet:-1, max-image-preview:large, max-video-preview:-1\" \/>\n<link rel=\"canonical\" href=\"https:\/\/garmentech.mx\/\" \/>\n<meta property=\"og:locale\" content=\"es_MX\" \/>\n<meta property=\"og:type\" content=\"article\" \/>\n<meta property=\"og:title\" content=\"- GARMENTECH\" \/>\n<meta property=\"og:description\" content=\"Soluciones Profesionales en Seguridad Instalaci\u00f3n de C\u00e1maras CCTV Monitoreo 24\/7 Tecnolog\u00eda de \u00daltima Generaci\u00f3n Cont\u00e1ctanos Hoy Mismo Nuestro Personal Especializado y con A\u00f1os de Experiencia lo Podr\u00e1 Apoyar en Obtener la Mejor Soluci\u00f3n CONTACTANOS\" \/>\n<meta property=\"og:url\" content=\"https:\/\/garmentech.mx\/\" \/>\n<meta property=\"og:site_name\" content=\"GARMENTECH\" \/>\n<meta property=\"article:modified_time\" content=\"2026-01-27T22:33:56+00:00\" \/>\n<meta name=\"twitter:card\" content=\"summary_large_image\" \/>\n<meta name=\"twitter:label1\" content=\"Tiempo de lectura\" \/>\n\t<meta name=\"twitter:data1\" content=\"1 minuto\" \/>\n<script type=\"application\/ld+json\" class=\"yoast-schema-graph\">{\"@context\":\"https:\/\/schema.org\",\"@graph\":[{\"@type\":\"WebPage\",\"@id\":\"https:\/\/garmentech.mx\/\",\"url\":\"https:\/\/garmentech.mx\/\",\"name\":\"- GARMENTECH\",\"isPartOf\":{\"@id\":\"https:\/\/garmentech.mx\/#website\"},\"datePublished\":\"2026-01-25T05:01:59+00:00\",\"dateModified\":\"2026-01-27T22:33:56+00:00\",\"inLanguage\":\"es\",\"potentialAction\":[{\"@type\":\"ReadAction\",\"target\":[\"https:\/\/garmentech.mx\/\"]}]},{\"@type\":\"WebSite\",\"@id\":\"https:\/\/garmentech.mx\/#website\",\"url\":\"https:\/\/garmentech.mx\/\",\"name\":\"GARMENTECH\",\"description\":\"Soluciones Tecnologicas para tu Dia\",\"publisher\":{\"@id\":\"https:\/\/garmentech.mx\/#organization\"},\"potentialAction\":[{\"@type\":\"SearchAction\",\"target\":{\"@type\":\"EntryPoint\",\"urlTemplate\":\"https:\/\/garmentech.mx\/?s={search_term_string}\"},\"query-input\":{\"@type\":\"PropertyValueSpecification\",\"valueRequired\":true,\"valueName\":\"search_term_string\"}}],\"inLanguage\":\"es\"},{\"@type\":\"Organization\",\"@id\":\"https:\/\/garmentech.mx\/#organization\",\"name\":\"GARMENTECH\",\"url\":\"https:\/\/garmentech.mx\/\",\"logo\":{\"@type\":\"ImageObject\",\"inLanguage\":\"es\",\"@id\":\"https:\/\/garmentech.mx\/#\/schema\/logo\/image\/\",\"url\":\"https:\/\/garmentech.mx\/wp-content\/uploads\/2026\/01\/garmen_bco-scaled.png\",\"contentUrl\":\"https:\/\/garmentech.mx\/wp-content\/uploads\/2026\/01\/garmen_bco-scaled.png\",\"width\":2560,\"height\":557,\"caption\":\"GARMENTECH\"},\"image\":{\"@id\":\"https:\/\/garmentech.mx\/#\/schema\/logo\/image\/\"}}]}<\/script>\n<!-- \/ Yoast SEO plugin. -->","yoast_head_json":{"title":"- GARMENTECH","robots":{"index":"index","follow":"follow","max-snippet":"max-snippet:-1","max-image-preview":"max-image-preview:large","max-video-preview":"max-video-preview:-1"},"canonical":"https:\/\/garmentech.mx\/","og_locale":"es_MX","og_type":"article","og_title":"- GARMENTECH","og_description":"Soluciones Profesionales en Seguridad Instalaci\u00f3n de C\u00e1maras CCTV Monitoreo 24\/7 Tecnolog\u00eda de \u00daltima Generaci\u00f3n Cont\u00e1ctanos Hoy Mismo Nuestro Personal Especializado y con A\u00f1os de Experiencia lo Podr\u00e1 Apoyar en Obtener la Mejor Soluci\u00f3n CONTACTANOS","og_url":"https:\/\/garmentech.mx\/","og_site_name":"GARMENTECH","article_modified_time":"2026-01-27T22:33:56+00:00","twitter_card":"summary_large_image","twitter_misc":{"Tiempo de lectura":"1 minuto"},"schema":{"@context":"https:\/\/schema.org","@graph":[{"@type":"WebPage","@id":"https:\/\/garmentech.mx\/","url":"https:\/\/garmentech.mx\/","name":"- GARMENTECH","isPartOf":{"@id":"https:\/\/garmentech.mx\/#website"},"datePublished":"2026-01-25T05:01:59+00:00","dateModified":"2026-01-27T22:33:56+00:00","inLanguage":"es","potentialAction":[{"@type":"ReadAction","target":["https:\/\/garmentech.mx\/"]}]},{"@type":"WebSite","@id":"https:\/\/garmentech.mx\/#website","url":"https:\/\/garmentech.mx\/","name":"GARMENTECH","description":"Soluciones Tecnologicas para tu Dia","publisher":{"@id":"https:\/\/garmentech.mx\/#organization"},"potentialAction":[{"@type":"SearchAction","target":{"@type":"EntryPoint","urlTemplate":"https:\/\/garmentech.mx\/?s={search_term_string}"},"query-input":{"@type":"PropertyValueSpecification","valueRequired":true,"valueName":"search_term_string"}}],"inLanguage":"es"},{"@type":"Organization","@id":"https:\/\/garmentech.mx\/#organization","name":"GARMENTECH","url":"https:\/\/garmentech.mx\/","logo":{"@type":"ImageObject","inLanguage":"es","@id":"https:\/\/garmentech.mx\/#\/schema\/logo\/image\/","url":"https:\/\/garmentech.mx\/wp-content\/uploads\/2026\/01\/garmen_bco-scaled.png","contentUrl":"https:\/\/garmentech.mx\/wp-content\/uploads\/2026\/01\/garmen_bco-scaled.png","width":2560,"height":557,"caption":"GARMENTECH"},"image":{"@id":"https:\/\/garmentech.mx\/#\/schema\/logo\/image\/"}}]}},"_links":{"self":[{"href":"https:\/\/garmentech.mx\/index.php\/wp-json\/wp\/v2\/pages\/74","targetHints":{"allow":["GET"]}}],"collection":[{"href":"https:\/\/garmentech.mx\/index.php\/wp-json\/wp\/v2\/pages"}],"about":[{"href":"https:\/\/garmentech.mx\/index.php\/wp-json\/wp\/v2\/types\/page"}],"author":[{"embeddable":true,"href":"https:\/\/garmentech.mx\/index.php\/wp-json\/wp\/v2\/users\/1"}],"replies":[{"embeddable":true,"href":"https:\/\/garmentech.mx\/index.php\/wp-json\/wp\/v2\/comments?post=74"}],"version-history":[{"count":28,"href":"https:\/\/garmentech.mx\/index.php\/wp-json\/wp\/v2\/pages\/74\/revisions"}],"predecessor-version":[{"id":150,"href":"https:\/\/garmentech.mx\/index.php\/wp-json\/wp\/v2\/pages\/74\/revisions\/150"}],"wp:attachment":[{"href":"https:\/\/garmentech.mx\/index.php\/wp-json\/wp\/v2\/media?parent=74"}],"curies":[{"name":"wp","href":"https:\/\/api.w.org\/{rel}","templated":true}]}}